{"id":13189,"date":"2020-06-13T10:43:55","date_gmt":"2020-06-13T10:43:55","guid":{"rendered":"http:\/\/demo.zozothemes.com\/import\/uploads-temp\/klenster\/?page_id=13189"},"modified":"2024-09-14T16:44:27","modified_gmt":"2024-09-14T21:44:27","slug":"our-services","status":"publish","type":"page","link":"https:\/\/expormegafruit.com\/?page_id=13189","title":{"rendered":"PRODUCTOS"},"content":{"rendered":"\t\t<div data-elementor-type=\"wp-page\" data-elementor-id=\"13189\" class=\"elementor elementor-13189\">\n\t\t\t\t\t\t<section class=\"elementor-section elementor-top-section elementor-element elementor-element-3dc4f73 elementor-section-boxed elementor-section-height-default elementor-section-height-default\" data-id=\"3dc4f73\" data-element_type=\"section\">\n\t\t\t\t\t\t<div class=\"elementor-container elementor-column-gap-default\">\n\t\t\t\t\t<div class=\"elementor-column elementor-col-100 elementor-top-column elementor-element elementor-element-c189eab\" data-id=\"c189eab\" data-element_type=\"column\">\n\t\t\t<div class=\"elementor-widget-wrap elementor-element-populated\">\n\t\t\t\t\t\t<section class=\"elementor-section elementor-inner-section elementor-element elementor-element-22fc214 elementor-section-boxed elementor-section-height-default elementor-section-height-default\" data-id=\"22fc214\" data-element_type=\"section\">\n\t\t\t\t\t\t<div class=\"elementor-container elementor-column-gap-default\">\n\t\t\t\t\t<div class=\"elementor-column elementor-col-33 elementor-inner-column elementor-element elementor-element-f0376c4\" data-id=\"f0376c4\" data-element_type=\"column\">\n\t\t\t<div class=\"elementor-widget-wrap\">\n\t\t\t\t\t\t\t<\/div>\n\t\t<\/div>\n\t\t\t\t<div class=\"elementor-column elementor-col-33 elementor-inner-column elementor-element elementor-element-ef4b68c\" data-id=\"ef4b68c\" data-element_type=\"column\">\n\t\t\t<div class=\"elementor-widget-wrap elementor-element-populated\">\n\t\t\t\t\t\t<div class=\"elementor-element elementor-element-9cae468 elementor-widget elementor-widget-klenstersectiontitle\" data-id=\"9cae468\" data-element_type=\"widget\" data-widget_type=\"klenstersectiontitle.default\">\n\t\t\t\t<div class=\"elementor-widget-container\">\n\t\t\t<div class=\"section-title-wrapper text-center\"><div class=\"title-wrap\"><h2 class=\"section-title\">Nuestros Productos<\/h2><\/div><!-- .title-wrap --><div class=\"section-description\"><\/div><!-- .section-description --><\/div><!-- .section-title-wrapper -->\t\t<\/div>\n\t\t\t\t<\/div>\n\t\t\t\t\t<\/div>\n\t\t<\/div>\n\t\t\t\t<div class=\"elementor-column elementor-col-33 elementor-inner-column elementor-element elementor-element-43282b0\" data-id=\"43282b0\" data-element_type=\"column\">\n\t\t\t<div class=\"elementor-widget-wrap\">\n\t\t\t\t\t\t\t<\/div>\n\t\t<\/div>\n\t\t\t\t\t<\/div>\n\t\t<\/section>\n\t\t\t\t<div class=\"elementor-element elementor-element-ca53ff5 elementor-widget elementor-widget-klensterservice\" data-id=\"ca53ff5\" data-element_type=\"widget\" data-widget_type=\"klensterservice.default\">\n\t\t\t\t<div class=\"elementor-widget-container\">\n\t\t\t<div class=\"service-wrapper service-modern text-center service-light shortcode-rand-1 klenster-inline-css\" data-css=\"&quot;.shortcode-rand-1.service-wrapper .service-inner &gt; *:nth-child(1) { margin-bottom: 30px; }.shortcode-rand-1.service-wrapper .service-inner &gt; *:nth-child(2) { margin-bottom: 25px; }.shortcode-rand-1.service-wrapper .service-inner &gt; *:nth-child(3) { margin-bottom: 0px; }.shortcode-rand-1.service-wrapper .service-inner &gt; *:nth-child(4) { margin-bottom: 0px; }&quot;\"><div class=\"row\"><div class=\"col-lg-4 col-md-4\"><div class=\"service-inner\"><div class=\"service-thumb\"><img fetchpriority=\"high\" decoding=\"async\" width=\"850\" height=\"567\" src=\"https:\/\/expormegafruit.com\/wp-content\/uploads\/2024\/09\/p1.jpg\" class=\"img-fluid wp-post-image\" alt=\"\" srcset=\"https:\/\/expormegafruit.com\/wp-content\/uploads\/2024\/09\/p1.jpg 850w, https:\/\/expormegafruit.com\/wp-content\/uploads\/2024\/09\/p1-768x512.jpg 768w\" sizes=\"(max-width: 850px) 100vw, 850px\" \/><\/div><!-- .service-thumb --><h5 class=\"service-title\"><a href=\"https:\/\/expormegafruit.com\/?klenster-services=granadilla\">GRANADILLA<\/a><\/h5><!-- .service-title --><div class=\"post-more\"><a class=\"read-more btn\" href=\"https:\/\/expormegafruit.com\/?klenster-services=granadilla\">M\u00e1s informaci\u00f3n<\/a><\/div><\/div><!-- .service-inner --><\/div><!-- .cols --><div class=\"col-lg-4 col-md-4\"><div class=\"service-inner\"><div class=\"service-thumb\"><img decoding=\"async\" width=\"850\" height=\"567\" src=\"https:\/\/expormegafruit.com\/wp-content\/uploads\/2024\/09\/p2.jpg\" class=\"img-fluid wp-post-image\" alt=\"\" srcset=\"https:\/\/expormegafruit.com\/wp-content\/uploads\/2024\/09\/p2.jpg 850w, https:\/\/expormegafruit.com\/wp-content\/uploads\/2024\/09\/p2-768x512.jpg 768w\" sizes=\"(max-width: 850px) 100vw, 850px\" \/><\/div><!-- .service-thumb --><h5 class=\"service-title\"><a href=\"https:\/\/expormegafruit.com\/?klenster-services=pitahaya-amarilla\">PITAHAYA AMARILLA<\/a><\/h5><!-- .service-title --><div class=\"post-more\"><a class=\"read-more btn\" href=\"https:\/\/expormegafruit.com\/?klenster-services=pitahaya-amarilla\">M\u00e1s informaci\u00f3n<\/a><\/div><\/div><!-- .service-inner --><\/div><!-- .cols --><div class=\"col-lg-4 col-md-4\"><div class=\"service-inner\"><div class=\"service-thumb\"><img decoding=\"async\" width=\"850\" height=\"567\" src=\"https:\/\/expormegafruit.com\/wp-content\/uploads\/2024\/09\/p3.jpg\" class=\"img-fluid wp-post-image\" alt=\"\" srcset=\"https:\/\/expormegafruit.com\/wp-content\/uploads\/2024\/09\/p3.jpg 850w, https:\/\/expormegafruit.com\/wp-content\/uploads\/2024\/09\/p3-768x512.jpg 768w\" sizes=\"(max-width: 850px) 100vw, 850px\" \/><\/div><!-- .service-thumb --><h5 class=\"service-title\"><a href=\"https:\/\/expormegafruit.com\/?klenster-services=pitahaya-roja\">PITAHAYA ROJA<\/a><\/h5><!-- .service-title --><div class=\"post-more\"><a class=\"read-more btn\" href=\"https:\/\/expormegafruit.com\/?klenster-services=pitahaya-roja\">M\u00e1s informaci\u00f3n<\/a><\/div><\/div><!-- .service-inner --><\/div><!-- .cols --><\/div><!-- .row --><div class=\"row\"><div class=\"col-lg-4 col-md-4\"><div class=\"service-inner\"><div class=\"service-thumb\"><img loading=\"lazy\" decoding=\"async\" width=\"850\" height=\"567\" src=\"https:\/\/expormegafruit.com\/wp-content\/uploads\/2024\/09\/p4.jpg\" class=\"img-fluid wp-post-image\" alt=\"\" srcset=\"https:\/\/expormegafruit.com\/wp-content\/uploads\/2024\/09\/p4.jpg 850w, https:\/\/expormegafruit.com\/wp-content\/uploads\/2024\/09\/p4-768x512.jpg 768w\" sizes=\"(max-width: 850px) 100vw, 850px\" \/><\/div><!-- .service-thumb --><h5 class=\"service-title\"><a href=\"https:\/\/expormegafruit.com\/?klenster-services=tomate-de-arbol\">TOMATE DE ARBOL<\/a><\/h5><!-- .service-title --><div class=\"post-more\"><a class=\"read-more btn\" href=\"https:\/\/expormegafruit.com\/?klenster-services=tomate-de-arbol\">M\u00e1s informaci\u00f3n<\/a><\/div><\/div><!-- .service-inner --><\/div><!-- .cols --><div class=\"col-lg-4 col-md-4\"><div class=\"service-inner\"><div class=\"service-thumb\"><img loading=\"lazy\" decoding=\"async\" width=\"850\" height=\"567\" src=\"https:\/\/expormegafruit.com\/wp-content\/uploads\/2024\/09\/p5.jpg\" class=\"img-fluid wp-post-image\" alt=\"\" srcset=\"https:\/\/expormegafruit.com\/wp-content\/uploads\/2024\/09\/p5.jpg 850w, https:\/\/expormegafruit.com\/wp-content\/uploads\/2024\/09\/p5-768x512.jpg 768w\" sizes=\"(max-width: 850px) 100vw, 850px\" \/><\/div><!-- .service-thumb --><h5 class=\"service-title\"><a href=\"https:\/\/expormegafruit.com\/?klenster-services=aguacate\">AGUACATE<\/a><\/h5><!-- .service-title --><div class=\"post-more\"><a class=\"read-more btn\" href=\"https:\/\/expormegafruit.com\/?klenster-services=aguacate\">M\u00e1s informaci\u00f3n<\/a><\/div><\/div><!-- .service-inner --><\/div><!-- .cols --><div class=\"col-lg-4 col-md-4\"><div class=\"service-inner\"><div class=\"service-thumb\"><img loading=\"lazy\" decoding=\"async\" width=\"850\" height=\"567\" src=\"https:\/\/expormegafruit.com\/wp-content\/uploads\/2024\/09\/p6.jpg\" class=\"img-fluid wp-post-image\" alt=\"\" srcset=\"https:\/\/expormegafruit.com\/wp-content\/uploads\/2024\/09\/p6.jpg 850w, https:\/\/expormegafruit.com\/wp-content\/uploads\/2024\/09\/p6-768x512.jpg 768w\" sizes=\"(max-width: 850px) 100vw, 850px\" \/><\/div><!-- .service-thumb --><h5 class=\"service-title\"><a href=\"https:\/\/expormegafruit.com\/?klenster-services=pepino-dulce\">PEPINO DULCE<\/a><\/h5><!-- .service-title --><div class=\"post-more\"><a class=\"read-more btn\" href=\"https:\/\/expormegafruit.com\/?klenster-services=pepino-dulce\">M\u00e1s informaci\u00f3n<\/a><\/div><\/div><!-- .service-inner --><\/div><!-- .cols --><\/div><!-- .row --><div class=\"row\"><div class=\"col-lg-4 col-md-4\"><div class=\"service-inner\"><div class=\"service-thumb\"><img loading=\"lazy\" decoding=\"async\" width=\"850\" height=\"567\" src=\"https:\/\/expormegafruit.com\/wp-content\/uploads\/2024\/09\/p7.jpg\" class=\"img-fluid wp-post-image\" alt=\"\" srcset=\"https:\/\/expormegafruit.com\/wp-content\/uploads\/2024\/09\/p7.jpg 850w, https:\/\/expormegafruit.com\/wp-content\/uploads\/2024\/09\/p7-768x512.jpg 768w\" sizes=\"(max-width: 850px) 100vw, 850px\" \/><\/div><!-- .service-thumb --><h5 class=\"service-title\"><a href=\"https:\/\/expormegafruit.com\/?klenster-services=maracuya\">MARACUY\u00c1<\/a><\/h5><!-- .service-title --><div class=\"post-more\"><a class=\"read-more btn\" href=\"https:\/\/expormegafruit.com\/?klenster-services=maracuya\">M\u00e1s informaci\u00f3n<\/a><\/div><\/div><!-- .service-inner --><\/div><!-- .cols --><div class=\"col-lg-4 col-md-4\"><div class=\"service-inner\"><div class=\"service-thumb\"><img loading=\"lazy\" decoding=\"async\" width=\"850\" height=\"567\" src=\"https:\/\/expormegafruit.com\/wp-content\/uploads\/2024\/09\/p8.jpg\" class=\"img-fluid wp-post-image\" alt=\"\" srcset=\"https:\/\/expormegafruit.com\/wp-content\/uploads\/2024\/09\/p8.jpg 850w, https:\/\/expormegafruit.com\/wp-content\/uploads\/2024\/09\/p8-768x512.jpg 768w\" sizes=\"(max-width: 850px) 100vw, 850px\" \/><\/div><!-- .service-thumb --><h5 class=\"service-title\"><a href=\"https:\/\/expormegafruit.com\/?klenster-services=kiwano\">KIWANO<\/a><\/h5><!-- .service-title --><div class=\"post-more\"><a class=\"read-more btn\" href=\"https:\/\/expormegafruit.com\/?klenster-services=kiwano\">M\u00e1s informaci\u00f3n<\/a><\/div><\/div><!-- .service-inner --><\/div><!-- .cols --><div class=\"col-lg-4 col-md-4\"><div class=\"service-inner\"><div class=\"service-thumb\"><img loading=\"lazy\" decoding=\"async\" width=\"850\" height=\"567\" src=\"https:\/\/expormegafruit.com\/wp-content\/uploads\/2024\/09\/p9.jpg\" class=\"img-fluid wp-post-image\" alt=\"\" srcset=\"https:\/\/expormegafruit.com\/wp-content\/uploads\/2024\/09\/p9.jpg 850w, https:\/\/expormegafruit.com\/wp-content\/uploads\/2024\/09\/p9-768x512.jpg 768w\" sizes=\"(max-width: 850px) 100vw, 850px\" \/><\/div><!-- .service-thumb --><h5 class=\"service-title\"><a href=\"https:\/\/expormegafruit.com\/?klenster-services=banano-orito\">BANANO ORITO<\/a><\/h5><!-- .service-title --><div class=\"post-more\"><a class=\"read-more btn\" href=\"https:\/\/expormegafruit.com\/?klenster-services=banano-orito\">M\u00e1s informaci\u00f3n<\/a><\/div><\/div><!-- .service-inner --><\/div><!-- .cols --><\/div><!-- .row --><\/div><!-- .service-wrapper -->\t\t<\/div>\n\t\t\t\t<\/div>\n\t\t\t\t\t<\/div>\n\t\t<\/div>\n\t\t\t\t\t<\/div>\n\t\t<\/section>\n\t\t\t\t<\/div>\n\t\t","protected":false},"excerpt":{"rendered":"<p>Nuestros Productos BANANO ORITO M\u00e1s informaci\u00f3n KIWANO M\u00e1s informaci\u00f3n MARACUY\u00c1 M\u00e1s informaci\u00f3n PEPINO DULCE M\u00e1s informaci\u00f3n AGUACATE M\u00e1s informaci\u00f3n TOMATE DE ARBOL M\u00e1s informaci\u00f3n PITAHAYA ROJA M\u00e1s informaci\u00f3n PITAHAYA AMARILLA M\u00e1s informaci\u00f3n GRANADILLA M\u00e1s informaci\u00f3n<\/p>\n","protected":false},"author":1,"featured_media":0,"parent":0,"menu_order":0,"comment_status":"closed","ping_status":"closed","template":"","meta":{"footnotes":""},"class_list":["post-13189","page","type-page","status-publish","hentry"],"_links":{"self":[{"href":"https:\/\/expormegafruit.com\/index.php?rest_route=\/wp\/v2\/pages\/13189","targetHints":{"allow":["GET"]}}],"collection":[{"href":"https:\/\/expormegafruit.com\/index.php?rest_route=\/wp\/v2\/pages"}],"about":[{"href":"https:\/\/expormegafruit.com\/index.php?rest_route=\/wp\/v2\/types\/page"}],"author":[{"embeddable":true,"href":"https:\/\/expormegafruit.com\/index.php?rest_route=\/wp\/v2\/users\/1"}],"replies":[{"embeddable":true,"href":"https:\/\/expormegafruit.com\/index.php?rest_route=%2Fwp%2Fv2%2Fcomments&post=13189"}],"version-history":[{"count":7,"href":"https:\/\/expormegafruit.com\/index.php?rest_route=\/wp\/v2\/pages\/13189\/revisions"}],"predecessor-version":[{"id":15132,"href":"https:\/\/expormegafruit.com\/index.php?rest_route=\/wp\/v2\/pages\/13189\/revisions\/15132"}],"wp:attachment":[{"href":"https:\/\/expormegafruit.com\/index.php?rest_route=%2Fwp%2Fv2%2Fmedia&parent=13189"}],"curies":[{"name":"wp","href":"https:\/\/api.w.org\/{rel}","templated":true}]}}